{"id":242,"date":"2015-01-08T15:51:41","date_gmt":"2015-01-08T14:51:41","guid":{"rendered":"http:\/\/wptest.zazen.info\/?page_id=242"},"modified":"2016-05-03T08:33:56","modified_gmt":"2016-05-03T07:33:56","slug":"veranstaltungen","status":"publish","type":"page","link":"https:\/\/unkraut.club\/?page_id=242","title":{"rendered":"Veranstaltungsliste"},"content":{"rendered":"<span class='events-no-events'>Derzeit keine \u00f6ffentlichen Veranstaltungen.<br>Um Veranstaltungen f\u00fcr Mitglieder anzuzeigen, musst du dich <a href=\"https:\/\/unkraut.club\/wp-login.php?redirect_to=https:\/\/unkraut.club\/?page_id=242\">anmelden.<\/a><\/span>\n<p>&nbsp;<\/p>\n<p><b>Auf <a href=\"\/?page_id=73\">Anfrage<\/a> werden wir uns bem\u00fchen, Zusammenk\u00fcnfte, Kr\u00e4uterwanderungen oder andere erw\u00fcnschte Aktivit\u00e4ten zu organisieren.<\/b><\/p>\n","protected":false},"excerpt":{"rendered":"<p>&nbsp; Auf Anfrage werden wir uns bem\u00fchen, Zusammenk\u00fcnfte, Kr\u00e4uterwanderungen oder andere erw\u00fcnschte Aktivit\u00e4ten zu organisieren.<\/p>\n","protected":false},"author":1,"featured_media":0,"parent":0,"menu_order":0,"comment_status":"closed","ping_status":"closed","template":"","meta":[],"_links":{"self":[{"href":"https:\/\/unkraut.club\/index.php?rest_route=\/wp\/v2\/pages\/242"}],"collection":[{"href":"https:\/\/unkraut.club\/index.php?rest_route=\/wp\/v2\/pages"}],"about":[{"href":"https:\/\/unkraut.club\/index.php?rest_route=\/wp\/v2\/types\/page"}],"author":[{"embeddable":true,"href":"https:\/\/unkraut.club\/index.php?rest_route=\/wp\/v2\/users\/1"}],"replies":[{"embeddable":true,"href":"https:\/\/unkraut.club\/index.php?rest_route=%2Fwp%2Fv2%2Fcomments&post=242"}],"version-history":[{"count":5,"href":"https:\/\/unkraut.club\/index.php?rest_route=\/wp\/v2\/pages\/242\/revisions"}],"predecessor-version":[{"id":3262,"href":"https:\/\/unkraut.club\/index.php?rest_route=\/wp\/v2\/pages\/242\/revisions\/3262"}],"wp:attachment":[{"href":"https:\/\/unkraut.club\/index.php?rest_route=%2Fwp%2Fv2%2Fmedia&parent=242"}],"curies":[{"name":"wp","href":"https:\/\/api.w.org\/{rel}","templated":true}]}}